 16*v. What is the greatest common factor of 6 and v?
6
Let l be 3*661 + (-1647)/(-183). What is the highest common divisor of 24 and l?
24
Let f be 12/(-20)*(2 - 12). Let x be f + 4 - 1*(1 - -2). Let t be (x + (-355)/10)/((-6)/32). Calculate the greatest common factor of t and 19.
19
Let t be 2/11 - (-4 + (-6266)/22). Suppose 5*p - t = -189. Let c(z) = 6*z**3 - 2*z**2 + 2*z - 4. Let v be c(2). Calculate the highest common divisor of p and v.
20
Suppose 4*m - 335 - 29 = 0. Suppose m - 343 = -12*f. Calculate the highest common divisor of f and 483.
21
Let h = -8187 + 8225. What is the greatest common divisor of h and 4579?
19
Let s be (-450)/57 + 16 + (-5)/(285/6). Calculate the greatest common factor of 6100 and s.
4
Suppose -74*v + 143*v + 283929 = 112*v. What is the greatest common factor of 279 and v?
93
Let l be (-2 + 3)*(129/9 + 3)*6. Calculate the highest common divisor of l and 364.
52
Suppose -853*h + 846*h + 43176 = 0. Calculate the greatest common divisor of h and 48.
24
Let k be (-10 + (-3 - -9))*1570/(-40). What is the greatest common divisor of k and 4239?
157
Suppose 1540 = -242*d + 7348. Let u(s) = 5*s**3 + 6*s**2 - 2*s. Let c be u(4). What is the greatest common factor of d and c?
24
Let y(f) = f**3 - 3*f**2 + 4*f - 4. Let z be y(2). Suppose 2*o + 5*o - 5*o = z. Suppose o = 41*w - 46*w + 110. Calculate the highest common factor of 110 and w.
22
Let d be (0 - -1) + (17 - (-2)/(-1)). Suppose -18*h - 34 = -d*h. Let w = 15 - h. What is the greatest common factor of w and 48?
16
Let r = -20588 - -22203. What is the greatest common factor of r and 665?
95
Let f = 140 + -163. Let o(s) = s**2 + 8*s - 87. Let h be o(f). Calculate the greatest common divisor of 12 and h.
6
Let o(a) = -3*a**3 - 16*a**2 + 19*a - 55. Let c be o(-8). Calculate the highest common factor of c and 5.
5
Suppose 0 = -94*y + 69*y + 425. What is the highest common factor of y and 11271?
17
Let v = -1619 + 1790. What is the greatest common factor of v and 152?
19
Let z = -20 + 87. Suppose 0 = -4*i + 109 + z. Let l = i - 43. Calculate the highest common divisor of 1 and l.
1
Let c(s) be the first derivative of 7*s**2/2 + 7*s - 3. Suppose -12 = -17*w + 39. Let k be c(w). What is the highest common factor of 70 and k?
14
Let y(z) = -z**3 - 6*z**2 + 10*z - 12. Let a be y(-9). Suppose -115 = -25*g + 1060. Calculate the highest common divisor of a and g.
47
Suppose -22*k + 285334 = -237*k + 804129. What is the greatest common divisor of k and 57?
19
Let p(c) be the second derivative of -9*c + 9*c**2 + 2/3*c**3 + 0. Let b be p(18). Calculate the greatest common divisor of b and 9.
9
Let h(k) = 8*k**2 + 5*k - 1. Suppose 0 = -5*i - 40 + 110. Suppose i*z = 9 + 5. Let a be h(z). What is the highest common divisor of a and 6?
6
Let j = 14424 + -11518. What is the highest common divisor of 2 and j?
2
Suppose -6*m = -0*m - 72. Let f be ((2/3)/(-1))/(m/144). Let y be 2*f*-4 - 0/(-11). What is the highest common divisor of y and 8?
8
Suppose -4*s - 5*k + 760 = 0, 19*s - 21*s = -3*k - 380. Calculate the highest common factor of s and 304.
38
Suppose -2 = -2*g + 6. Suppose 2*y = -g*q - 10, -4*y + 5*y = -4*q + 3. Let x be -3 + (-10)/(-4) + y/(-2). Calculate the highest common divisor of 24 and x.
6
Suppose 86*n - 89*n + 5*x = -2892, 2*n - x - 1935 = 0. What is the highest common divisor of n and 204?
51
Suppose -133*b + 137*b = -48. Let j be b/24 - 1*130/(-4). Calculate the greatest common divisor of j and 224.
32
Let c be ((-6)/(120/25))/((-3031)/756 + 4). Calculate the highest common divisor of 378 and c.
27
Let x be (236/708*63/2)/(1/342). What is the greatest common factor of x and 266?
133
Suppose -4*o = 5*w - 1726, -w + 4*w - 1068 = 3*o. Calculate the greatest common divisor of 840 and w.
70
Suppose -32 = 23*q - 15*q, 3*b - 3*q - 1110 = 0. What is the greatest common divisor of 3050 and b?
122
Suppose 159*m = 155*m + 25856. What is the highest common divisor of m and 101?
101
Let l = -2672 + 2749. Let v be (1 - -4)*(-28)/(-10). What is the greatest common divisor of l and v?
7
Suppose 0 = -0*l - 6*l + 144. Let c(j) = -j**2 + 23*j + 29. Let m be c(l). Let t(n) = 7*n - 5. Let u be t(m). Calculate the highest common divisor of u and 30.
30
Suppose -33*c = -26*c + 28. Let n be 1 - (c + 3 + -479)*1. Calculate the greatest common divisor of 13 and n.
13
Let m = -1276 + 1606. What is the highest common divisor of m and 275?
55
Let t = -45 + 63. Let k = t - 9. Let p(f) = f**2 - 23*f - 50. Let x be p(28). Calculate the highest common divisor of k and x.
9
Let q be (-6)/(-4)*(-518)/(-21). Let s = -410 - -377. Let c = s + q. What is the highest common divisor of 68 and c?
4
Suppose 13158 = 75*x + 4233. Calculate the highest common factor of 255 and x.
17
Let q = -10310 + 10713. Calculate the greatest common factor of 26 and q.
13
Let g(q) = -q**2 + 5*q - 1. Let p be g(3). Suppose 3*v - p*v + 76 = 0. Let c = v + -28. Calculate the greatest common factor of 10 and c.
10
Let m be (-7 - 5/((-100)/128)) + 1224/15. What is the greatest common factor of m and 63?
9
Suppose 4 + 0 = -2*u. Let q(j) = 5*j**2 + 3*j - 4. Let k be q(u). Suppose -5*v + k*v = 2200. What is the highest common divisor of 40 and v?
40
Let b(i) = i**3 - 2*i**2 - 13*i + 51. Let p be b(7). Suppose -154 = -4*l + 4*h + 354, 5*l + 4*h = 599. Calculate the highest common divisor of p and l.
41
Let d(m) = 69*m. Let u be d(1). Suppose 15 = -9*h + u. Let a be (155/(-2))/(-5) - h/(-4). Calculate the highest common factor of a and 51.
17
Let g = -15 + 1. Let i be (-3 - -1)/(((-12)/54)/2). Let d = i + g. Calculate the greatest common divisor of 28 and d.
4
Suppose -2*l - 1583 = -5*j - 115, 2*l = 2*j - 586. What is the highest common factor of 210 and j?
42
Let q(v) = 7*v**2 + 29*v + 158. Let y be q(-6). What is the greatest common factor of y and 46?
2
Suppose -3*v - 5*r = -4451, 0 = 3*r + 164 - 185. Calculate the greatest common divisor of 276 and v.
92
Let o = -17766 + 17868. What is the greatest common divisor of o and 34?
34
Let y = -190 + 560. What is the highest common divisor of y and 1924?
74
Let r(i) = -8*i**2 - 157*i + 16. Let j(m) = -m**2 + 15*m + 15. Let v be j(17). Let z be r(v). What is the greatest common factor of z and 74?
37
Let z be 13*(13 - (-1529)/(-143)). What is the greatest common divisor of z and 430?
10
Suppose 5*c + v + 0*v = -653, 3*c + 381 = 3*v. Let h = 218 + c. What is the highest common factor of 44 and h?
44
Let a = -6316 - -6548. What is the greatest common divisor of a and 1450?
58
Let h(x) = -10*x + 33. Let t be h(3). Suppose 4*z + p - t*p = 476, 3*z - 366 = -3*p. What is the greatest common factor of z and 45?
15
Let x be 429/18 - (-3)/18. Suppose 3*m = -7*z + 3*z + 24, 4*z - x = m. Suppose -3 = 5*k + c - z, 4*k - c = 6. Calculate the highest common factor of 2 and k.
1
Let q be -1 + 55 - (7 - (32 - 19)). Calculate the highest common divisor of 20 and q.
20
Let j(n) = n**3 + 51*n**2 + 53*n + 237. Let l be j(-50). Calculate the highest common factor of 116 and l.
29
Suppose 144 = 2*y + 130. Suppose -y*s - 270 = -298. What is the highest common factor of 124 and s?
4
Let n be 156/9*(18/(-4))/3. Let q = n - -62. Calculate the greatest common divisor of q and 4.
4
Let l be 3*((-7)/((-84)/100) - 4). Let s = -2 + 5. Suppose 3*j = -j + 4*w + 48, -s*j + 35 = -4*w. What is the greatest common divisor of j and l?
13
Let i = -33 + 70. Suppose -1 + i = n. Suppose -n*z + 35*z + 46 = 0. What is the highest common factor of 23 and z?
23
Suppose -3*j - 2*c + 1 = 2*c, j - 2*c - 7 = 0. Let q be ((-66)/8)/((27/(-120))/j). Suppose g - q = 2. What is the highest common divisor of 16 and g?
16
Let w(y) = -y**3 - 22*y**2 + 4. Let x be w(-22). Let r be ((-10)/x - 3)*-86. What is the greatest common divisor of 43 and r?
43
Suppose -30 + 32 = 2*k. Let t(n) = -n**3 + 3*n - 1. Let c be t(k). Let q be 6*(2 - 8)/(-3). Calculate the highest common factor of c and q.
1
Suppose 23*n + 187*n = 47*n + 31296. What is the highest common factor of n and 276?
12
Let h(f) = f**2 - 41*f - 838. Let w be h(-17). Calculate the greatest common factor of 6179 and w.
37
Let n be ((-792)/(-72) - 24) + 1092. Let c = 3 + 10. Calculate the highest common factor of n and c.
13
Suppose -96 = 6*j - 1092. Suppose -j*m = -169*m + 1539. What is the gre